{"id":332,"date":"2024-03-03T18:57:45","date_gmt":"2024-03-03T17:57:45","guid":{"rendered":"http:\/\/viaordo.com\/?page_id=332"},"modified":"2025-12-12T22:16:33","modified_gmt":"2025-12-12T21:16:33","slug":"332-2","status":"publish","type":"page","link":"https:\/\/viaordo.com\/index.php\/332-2\/","title":{"rendered":""},"content":{"rendered":"\n<figure class=\"wp-block-image aligncenter size-full is-resized\"><a href=\"http:\/\/viaordo.com\/\"><img loading=\"lazy\" decoding=\"async\" width=\"1565\" height=\"926\" src=\"http:\/\/viaordo.com\/wp-content\/uploads\/2024\/02\/Capture-decran-2024-02-29-a-13.54.30.png\" alt=\"\" class=\"wp-image-315\" style=\"width:38px;height:auto\" srcset=\"https:\/\/viaordo.com\/wp-content\/uploads\/2024\/02\/Capture-decran-2024-02-29-a-13.54.30.png 1565w, https:\/\/viaordo.com\/wp-content\/uploads\/2024\/02\/Capture-decran-2024-02-29-a-13.54.30-300x178.png 300w, https:\/\/viaordo.com\/wp-content\/uploads\/2024\/02\/Capture-decran-2024-02-29-a-13.54.30-1024x606.png 1024w, https:\/\/viaordo.com\/wp-content\/uploads\/2024\/02\/Capture-decran-2024-02-29-a-13.54.30-768x454.png 768w, https:\/\/viaordo.com\/wp-content\/uploads\/2024\/02\/Capture-decran-2024-02-29-a-13.54.30-1536x909.png 1536w\" sizes=\"auto, (max-width: 1565px) 100vw, 1565px\" \/><\/a><\/figure>\n\n\n\n<figure class=\"wp-block-image aligncenter size-full is-resized\"><a href=\"http:\/\/viaordo.com\/index.php\/english\/\"><img loading=\"lazy\" decoding=\"async\" width=\"2024\" height=\"1203\" src=\"http:\/\/viaordo.com\/wp-content\/uploads\/2024\/03\/Capture-decran-2024-03-03-a-10.51.14.png\" alt=\"\" class=\"wp-image-323\" style=\"width:38px;height:auto\" srcset=\"https:\/\/viaordo.com\/wp-content\/uploads\/2024\/03\/Capture-decran-2024-03-03-a-10.51.14.png 2024w, https:\/\/viaordo.com\/wp-content\/uploads\/2024\/03\/Capture-decran-2024-03-03-a-10.51.14-300x178.png 300w, https:\/\/viaordo.com\/wp-content\/uploads\/2024\/03\/Capture-decran-2024-03-03-a-10.51.14-1024x609.png 1024w, https:\/\/viaordo.com\/wp-content\/uploads\/2024\/03\/Capture-decran-2024-03-03-a-10.51.14-768x456.png 768w, https:\/\/viaordo.com\/wp-content\/uploads\/2024\/03\/Capture-decran-2024-03-03-a-10.51.14-1536x913.png 1536w\" sizes=\"auto, (max-width: 2024px) 100vw, 2024px\" \/><\/a><\/figure>\n\n\n\n<figure class=\"wp-block-image size-full\"><img loading=\"lazy\" decoding=\"async\" width=\"778\" height=\"81\" src=\"http:\/\/viaordo.com\/wp-content\/uploads\/2023\/09\/Cercle-Via-Ordo-Baniere.png\" alt=\"\" class=\"wp-image-172\" srcset=\"https:\/\/viaordo.com\/wp-content\/uploads\/2023\/09\/Cercle-Via-Ordo-Baniere.png 778w, https:\/\/viaordo.com\/wp-content\/uploads\/2023\/09\/Cercle-Via-Ordo-Baniere-300x31.png 300w, https:\/\/viaordo.com\/wp-content\/uploads\/2023\/09\/Cercle-Via-Ordo-Baniere-768x80.png 768w\" sizes=\"auto, (max-width: 778px) 100vw, 778px\" \/><\/figure>\n\n\n\n<div class=\"wp-block-columns is-layout-flex wp-container-core-columns-is-layout-28f84493 wp-block-columns-is-layout-flex\">\n<div class=\"wp-block-column is-vertically-aligned-center is-layout-flow wp-block-column-is-layout-flow\" style=\"flex-basis:57%\">\n<p><\/p>\n\n\n\n<figure class=\"wp-block-image aligncenter size-full is-resized\"><img loading=\"lazy\" decoding=\"async\" width=\"252\" height=\"230\" src=\"http:\/\/viaordo.com\/wp-content\/uploads\/2023\/09\/Logo-Via-Ordo-1.png\" alt=\"\" class=\"wp-image-165\" style=\"width:188px;height:172px\"\/><\/figure>\n<\/div>\n<\/div>\n\n\n\n<figure class=\"wp-block-image size-full\"><img loading=\"lazy\" decoding=\"async\" width=\"701\" height=\"101\" src=\"http:\/\/viaordo.com\/wp-content\/uploads\/2024\/09\/Maxime-ITA.png\" alt=\"\" class=\"wp-image-403\" srcset=\"https:\/\/viaordo.com\/wp-content\/uploads\/2024\/09\/Maxime-ITA.png 701w, https:\/\/viaordo.com\/wp-content\/uploads\/2024\/09\/Maxime-ITA-300x43.png 300w\" sizes=\"auto, (max-width: 701px) 100vw, 701px\" \/><\/figure>\n\n\n\n<figure class=\"wp-block-image size-full is-resized\"><img loading=\"lazy\" decoding=\"async\" width=\"684\" height=\"393\" src=\"https:\/\/viaordo.com\/wp-content\/uploads\/2025\/12\/ENTETE-VO-vers-ITA-2025-12-12-1.jpg\" alt=\"\" class=\"wp-image-520\" style=\"width:646px;height:auto\" srcset=\"https:\/\/viaordo.com\/wp-content\/uploads\/2025\/12\/ENTETE-VO-vers-ITA-2025-12-12-1.jpg 684w, https:\/\/viaordo.com\/wp-content\/uploads\/2025\/12\/ENTETE-VO-vers-ITA-2025-12-12-1-300x172.jpg 300w\" sizes=\"auto, (max-width: 684px) 100vw, 684px\" \/><\/figure>\n\n\n\n<p>Signore Bertrand TH\u00c9VENIN, nato nel 1967, allievo e poi assistente di Signore Jacques LE TROQUER (1912-2006), insegnante di numerose arti marziali fino al 2006: Aikido, Judo (cintura nera nel 1945), Kyudo\u2026<\/p>\n\n\n\n<p>Oltre 30 anni di esperienza nel mondo della protezione ravvicinata per personalit\u00e0 di alto profilo e pi\u00f9 di 40 anni nell&rsquo;arte del combattimento ravvicinato mi hanno portato a diventare ipervigile, imparando ad agire con consapevolezza e discernimento\u2026<\/p>\n\n\n\n<p>Nel 2008 ho co-fondato l&rsquo;associazione senza scopo di lucro Cercle Via ordo (secondo la legge francese del 1901), registrata presso la Pr\u00e9fecture de Police de Paris e pubblicata sul Journal Officiel de la R\u00e9publique Fran\u00e7aise. \u00c8 affiliata alla F\u00e9d\u00e9ration Fran\u00e7aise du Sport Travailliste (FFST), che ha rilasciato una licenza sportiva Via ordo e un diploma federale di istruttore Via ordo.<\/p>\n\n\n\n<p>Ho creato il Via ordo affinch\u00e9 chiunque possa difendersi preservando l&rsquo;integrit\u00e0 fisica, morale e materiale dell&rsquo;aggressore.<\/p>\n\n\n\n<p>Lo scopo della Via ordo \u00e8 quello di canalizzare, controllare e liberarsi dalla morsa della violenza, per affrontare serenamente gli alti e bassi della vita e diventare ambasciatori di buona volont\u00e0.<\/p>\n\n\n\n<p>Cercare la pace\u2026<\/p>\n\n\n\n<p><strong>IDENTIFICAZIONE<\/strong><br>SIREN : -922488002-<br>SIRET : -92248800200028-<br>RNA : -W 751187158-<br>APE : -9312 Z-<\/p>\n\n\n\n<p><strong>AFFILIAZIONE<\/strong><br>Il Cercle Via ordo \u00e8 affiliato al&nbsp;<a href=\"https:\/\/www.ffst-multisports.com\/\">F\u00e9d\u00e9ration Fran\u00e7aise du Sport Travailliste<\/a> (F.F.S.T.)<\/p>\n\n\n\n<p><\/p>\n\n\n\n<figure class=\"wp-block-image size-full\"><img loading=\"lazy\" decoding=\"async\" width=\"977\" height=\"699\" src=\"http:\/\/viaordo.com\/wp-content\/uploads\/2025\/10\/ATTESTATION-FFST-2025-2026.jpg\" alt=\"\" class=\"wp-image-448\" srcset=\"https:\/\/viaordo.com\/wp-content\/uploads\/2025\/10\/ATTESTATION-FFST-2025-2026.jpg 977w, https:\/\/viaordo.com\/wp-content\/uploads\/2025\/10\/ATTESTATION-FFST-2025-2026-300x215.jpg 300w, https:\/\/viaordo.com\/wp-content\/uploads\/2025\/10\/ATTESTATION-FFST-2025-2026-768x549.jpg 768w\" sizes=\"auto, (max-width: 977px) 100vw, 977px\" \/><\/figure>\n\n\n\n<p><br>Signore Bertrand TH\u00c9VENIN : Pr\u00e9sidente<br>Numero di telefono : +33 6 11 22 32 42 <br>Email : <a href=\"mailto:bertrand.thevenin@laposte.net\">bertrand.thevenin@laposte.net<\/a><\/p>\n\n\n\n<p><strong>INDIRIZZI&nbsp;<\/strong><br>Indirizzo della sede legale :<br>CERCLE VIA ORDO<br>Maison des Associations<br>12 ter place Garibaldi<br>06300 NICE &#8211; France<\/p>\n\n\n\n<p>Sito web:<br><a href=\"http:\/\/www.viaordo.fr\">www.viaordo.fr<\/a><br><a href=\"http:\/\/www.viaordo.com\">www.viaordo.com<\/a><br><br>Canale YouTube :<br><a href=\"https:\/\/www.youtube.com\/@CercleViaOrdo\">https:\/\/www.youtube.com\/@CercleViaOrdo<\/a><\/p>\n\n\n\n<p><\/p>\n\n\n\n<figure class=\"wp-block-image size-full is-resized\"><img loading=\"lazy\" decoding=\"async\" width=\"500\" height=\"500\" src=\"http:\/\/viaordo.com\/wp-content\/uploads\/2024\/02\/QR-CODE-DE-LA-CHAINE-YOUTUBE.jpg\" alt=\"\" class=\"wp-image-304\" style=\"width:143px;height:auto\" srcset=\"https:\/\/viaordo.com\/wp-content\/uploads\/2024\/02\/QR-CODE-DE-LA-CHAINE-YOUTUBE.jpg 500w, https:\/\/viaordo.com\/wp-content\/uploads\/2024\/02\/QR-CODE-DE-LA-CHAINE-YOUTUBE-300x300.jpg 300w, https:\/\/viaordo.com\/wp-content\/uploads\/2024\/02\/QR-CODE-DE-LA-CHAINE-YOUTUBE-150x150.jpg 150w\" sizes=\"auto, (max-width: 500px) 100vw, 500px\" \/><\/figure>\n\n\n\n<p><strong>INSEGNANTI<\/strong><br>Signore Bertrand TH\u00c9VENIN e i membri del Comitato esecutivo.<\/p>\n\n\n\n<p><strong>DESCRIZIONE DELL&rsquo;ATTIVIT\u00c0<\/strong><br>Metodo di self-control, self-management, self-defense&#8230;<br><br>Le sessioni di Via ordo si svolgono in tre fasi:<\/p>\n\n\n\n<ul class=\"wp-block-list\">\n<li><strong>Via ordo Parlare-ascoltare attivamente : l&rsquo;Arte della negoziazione <\/strong>\u00e8 dedicato all&rsquo;espressione e alla comprensione del linguaggio verbale, non verbale e del corpo. Condividiamo le nostre esperienze e cerchiamo insieme delle soluzioni.<\/li>\n\n\n\n<li><strong>Via ordo Interno<\/strong> \u00e8 un riscaldamento delicato per muscoli, tendini e articolazioni. Lavora sulla circolazione energetica interna, sul respiro, sul movimento del corpo e sul benessere.<\/li>\n\n\n\n<li><strong>Via ordo Esterno <\/strong>\u00e8 trovare risposte semplici, dolci ed efficaci a qualsiasi aggressione. Cominciamo a schivare muovendo i piedi, poi assorbiamo l&rsquo;energia negativa, la trasformiamo in energia positiva e la rimandiamo indietro.<\/li>\n<\/ul>\n\n\n\n<p><strong>VESTITI<\/strong><br><\/p>\n\n\n\n<p>1\u00b0 grado : kimono bianco, cintura rossa<br>2\u00b0 grado : kimono bianco, cintura rossa, hakama blu navy<br>3\u00b0 grado : kimono bianco, cintura blu navy, hakama blu navy<br>Insegnante : kimono blu, cintura blu navy, hakama blu navy<\/p>\n\n\n\n<p><strong>CLASSI <\/strong><br><\/p>\n\n\n\n<p>Singoli o gruppi, in un dojo, all&rsquo;aperto, in un&rsquo;azienda, a casa\u2026<br>Saremo lieti di rispondere a tutte le vostre domande sulle nostre attivit\u00e0, sulla disponibilit\u00e0 e sui prezzi.<\/p>\n\n\n\n<figure class=\"wp-block-image size-full\"><img loading=\"lazy\" decoding=\"async\" width=\"432\" height=\"623\" src=\"https:\/\/viaordo.com\/wp-content\/uploads\/2025\/12\/AFFICHE-A5-ITA-2025-12-12-1.jpg\" alt=\"\" class=\"wp-image-539\" srcset=\"https:\/\/viaordo.com\/wp-content\/uploads\/2025\/12\/AFFICHE-A5-ITA-2025-12-12-1.jpg 432w, https:\/\/viaordo.com\/wp-content\/uploads\/2025\/12\/AFFICHE-A5-ITA-2025-12-12-1-208x300.jpg 208w\" sizes=\"auto, (max-width: 432px) 100vw, 432px\" \/><\/figure>\n\n\n\n<p>&nbsp;&nbsp;&nbsp;&nbsp;<\/p>\n\n\n\n<div class=\"wp-block-media-text is-stacked-on-mobile\" style=\"grid-template-columns:40% auto\"><figure class=\"wp-block-media-text__media\"><img loading=\"lazy\" decoding=\"async\" width=\"306\" height=\"352\" src=\"http:\/\/viaordo.com\/wp-content\/uploads\/2023\/09\/Bertrand-salut.png\" alt=\"\" class=\"wp-image-152 size-full\" srcset=\"https:\/\/viaordo.com\/wp-content\/uploads\/2023\/09\/Bertrand-salut.png 306w, https:\/\/viaordo.com\/wp-content\/uploads\/2023\/09\/Bertrand-salut-261x300.png 261w\" sizes=\"auto, (max-width: 306px) 100vw, 306px\" \/><\/figure><div class=\"wp-block-media-text__content\">\n<p><\/p>\n<\/div><\/div>\n\n\n\n<figure class=\"wp-block-image size-full\"><img loading=\"lazy\" decoding=\"async\" width=\"459\" height=\"660\" src=\"http:\/\/viaordo.com\/wp-content\/uploads\/2024\/03\/image005.png\" alt=\"\" class=\"wp-image-348\" srcset=\"https:\/\/viaordo.com\/wp-content\/uploads\/2024\/03\/image005.png 459w, https:\/\/viaordo.com\/wp-content\/uploads\/2024\/03\/image005-209x300.png 209w\" sizes=\"auto, (max-width: 459px) 100vw, 459px\" \/><\/figure>\n\n\n\n<figure class=\"wp-block-image size-full\"><img loading=\"lazy\" decoding=\"async\" width=\"385\" height=\"650\" src=\"http:\/\/viaordo.com\/wp-content\/uploads\/2023\/09\/bertrand-photo2.png\" alt=\"\" class=\"wp-image-149\" srcset=\"https:\/\/viaordo.com\/wp-content\/uploads\/2023\/09\/bertrand-photo2.png 385w, https:\/\/viaordo.com\/wp-content\/uploads\/2023\/09\/bertrand-photo2-178x300.png 178w\" sizes=\"auto, (max-width: 385px) 100vw, 385px\" \/><\/figure>\n\n\n\n<figure class=\"wp-block-image size-full\"><img loading=\"lazy\" decoding=\"async\" width=\"499\" height=\"585\" src=\"http:\/\/viaordo.com\/wp-content\/uploads\/2023\/09\/bertrand-photo-3.png\" alt=\"\" class=\"wp-image-141\" srcset=\"https:\/\/viaordo.com\/wp-content\/uploads\/2023\/09\/bertrand-photo-3.png 499w, https:\/\/viaordo.com\/wp-content\/uploads\/2023\/09\/bertrand-photo-3-256x300.png 256w\" sizes=\"auto, (max-width: 499px) 100vw, 499px\" \/><\/figure>\n\n\n\n<div class=\"wp-block-media-text is-stacked-on-mobile\"><figure class=\"wp-block-media-text__media\"><img loading=\"lazy\" decoding=\"async\" width=\"251\" height=\"287\" src=\"http:\/\/viaordo.com\/wp-content\/uploads\/2023\/09\/bertrand-photo-4.png\" alt=\"\" class=\"wp-image-142 size-full\"\/><\/figure><div class=\"wp-block-media-text__content\">\n<p><\/p>\n<\/div><\/div>\n\n\n\n<figure class=\"wp-block-image size-full\"><img loading=\"lazy\" decoding=\"async\" width=\"538\" height=\"415\" src=\"http:\/\/viaordo.com\/wp-content\/uploads\/2023\/09\/bertrand-photo-5.png\" alt=\"\" class=\"wp-image-143\" srcset=\"https:\/\/viaordo.com\/wp-content\/uploads\/2023\/09\/bertrand-photo-5.png 538w, https:\/\/viaordo.com\/wp-content\/uploads\/2023\/09\/bertrand-photo-5-300x231.png 300w\" sizes=\"auto, (max-width: 538px) 100vw, 538px\" \/><\/figure>\n\n\n\n<div class=\"wp-block-media-text is-stacked-on-mobile\"><figure class=\"wp-block-media-text__media\"><img loading=\"lazy\" decoding=\"async\" width=\"361\" height=\"311\" src=\"http:\/\/viaordo.com\/wp-content\/uploads\/2023\/09\/bertrand-photo-6.png\" alt=\"\" class=\"wp-image-144 size-full\" srcset=\"https:\/\/viaordo.com\/wp-content\/uploads\/2023\/09\/bertrand-photo-6.png 361w, https:\/\/viaordo.com\/wp-content\/uploads\/2023\/09\/bertrand-photo-6-300x258.png 300w\" sizes=\"auto, (max-width: 361px) 100vw, 361px\" \/><\/figure><div class=\"wp-block-media-text__content\">\n<p><\/p>\n<\/div><\/div>\n\n\n\n<div class=\"wp-block-media-text is-stacked-on-mobile\"><figure class=\"wp-block-media-text__media\"><img loading=\"lazy\" decoding=\"async\" width=\"235\" height=\"173\" src=\"http:\/\/viaordo.com\/wp-content\/uploads\/2023\/09\/bertrand-photo-7.png\" alt=\"\" class=\"wp-image-145 size-full\"\/><\/figure><div class=\"wp-block-media-text__content\">\n<p><\/p>\n<\/div><\/div>\n\n\n\n<div class=\"wp-block-media-text is-stacked-on-mobile\"><figure class=\"wp-block-media-text__media\"><img loading=\"lazy\" decoding=\"async\" width=\"294\" height=\"350\" src=\"http:\/\/viaordo.com\/wp-content\/uploads\/2023\/09\/bertrand-photo-8.png\" alt=\"\" class=\"wp-image-146 size-full\" srcset=\"https:\/\/viaordo.com\/wp-content\/uploads\/2023\/09\/bertrand-photo-8.png 294w, https:\/\/viaordo.com\/wp-content\/uploads\/2023\/09\/bertrand-photo-8-252x300.png 252w\" sizes=\"auto, (max-width: 294px) 100vw, 294px\" \/><\/figure><div class=\"wp-block-media-text__content\">\n<p><\/p>\n<\/div><\/div>\n\n\n\n<figure class=\"wp-block-image size-full\"><img loading=\"lazy\" decoding=\"async\" width=\"471\" height=\"446\" src=\"http:\/\/viaordo.com\/wp-content\/uploads\/2023\/09\/bertrand-photo-9.png\" alt=\"\" class=\"wp-image-147\" srcset=\"https:\/\/viaordo.com\/wp-content\/uploads\/2023\/09\/bertrand-photo-9.png 471w, https:\/\/viaordo.com\/wp-content\/uploads\/2023\/09\/bertrand-photo-9-300x284.png 300w\" sizes=\"auto, (max-width: 471px) 100vw, 471px\" \/><\/figure>\n\n\n\n<figure class=\"wp-block-image size-full\"><img loading=\"lazy\" decoding=\"async\" width=\"361\" height=\"513\" src=\"http:\/\/viaordo.com\/wp-content\/uploads\/2023\/09\/bertrand-photo-10.png\" alt=\"\" class=\"wp-image-148\" srcset=\"https:\/\/viaordo.com\/wp-content\/uploads\/2023\/09\/bertrand-photo-10.png 361w, https:\/\/viaordo.com\/wp-content\/uploads\/2023\/09\/bertrand-photo-10-211x300.png 211w\" sizes=\"auto, (max-width: 361px) 100vw, 361px\" \/><\/figure>\n\n\n\n<div class=\"wp-block-group is-content-justification-center is-nowrap is-layout-flex wp-container-core-group-is-layout-23441af8 wp-block-group-is-layout-flex\">\n<figure class=\"wp-block-image size-full\"><img loading=\"lazy\" decoding=\"async\" width=\"583\" height=\"609\" src=\"http:\/\/viaordo.com\/wp-content\/uploads\/2024\/09\/N.-ALQUIN-SITE.png\" alt=\"\" class=\"wp-image-426\" srcset=\"https:\/\/viaordo.com\/wp-content\/uploads\/2024\/09\/N.-ALQUIN-SITE.png 583w, https:\/\/viaordo.com\/wp-content\/uploads\/2024\/09\/N.-ALQUIN-SITE-287x300.png 287w\" sizes=\"auto, (max-width: 583px) 100vw, 583px\" \/><\/figure>\n<\/div>\n\n\n\n<p><\/p>\n","protected":false},"excerpt":{"rendered":"<p>Signore Bertrand TH\u00c9VENIN, nato nel 1967, allievo e poi assistente di Signore Jacques LE TROQUER (1912-2006), insegnante di numerose arti marziali fino al 2006: Aikido, Judo (cintura nera nel 1945), Kyudo\u2026 Oltre 30 anni di esperienza nel mondo della protezione ravvicinata per personalit\u00e0 di alto profilo e pi\u00f9 di 40 anni nell&rsquo;arte del combattimento ravvicinato [&hellip;]<\/p>\n","protected":false},"author":1,"featured_media":0,"parent":0,"menu_order":0,"comment_status":"closed","ping_status":"closed","template":"","meta":{"footnotes":""},"class_list":["post-332","page","type-page","status-publish","hentry"],"_links":{"self":[{"href":"https:\/\/viaordo.com\/index.php\/wp-json\/wp\/v2\/pages\/332","targetHints":{"allow":["GET"]}}],"collection":[{"href":"https:\/\/viaordo.com\/index.php\/wp-json\/wp\/v2\/pages"}],"about":[{"href":"https:\/\/viaordo.com\/index.php\/wp-json\/wp\/v2\/types\/page"}],"author":[{"embeddable":true,"href":"https:\/\/viaordo.com\/index.php\/wp-json\/wp\/v2\/users\/1"}],"replies":[{"embeddable":true,"href":"https:\/\/viaordo.com\/index.php\/wp-json\/wp\/v2\/comments?post=332"}],"version-history":[{"count":26,"href":"https:\/\/viaordo.com\/index.php\/wp-json\/wp\/v2\/pages\/332\/revisions"}],"predecessor-version":[{"id":540,"href":"https:\/\/viaordo.com\/index.php\/wp-json\/wp\/v2\/pages\/332\/revisions\/540"}],"wp:attachment":[{"href":"https:\/\/viaordo.com\/index.php\/wp-json\/wp\/v2\/media?parent=332"}],"curies":[{"name":"wp","href":"https:\/\/api.w.org\/{rel}","templated":true}]}}