{"id":314,"date":"2024-02-29T14:03:35","date_gmt":"2024-02-29T13:03:35","guid":{"rendered":"http:\/\/viaordo.com\/?page_id=314"},"modified":"2025-12-12T21:54:44","modified_gmt":"2025-12-12T20:54:44","slug":"english","status":"publish","type":"page","link":"https:\/\/viaordo.com\/index.php\/english\/","title":{"rendered":""},"content":{"rendered":"\n<figure class=\"wp-block-image aligncenter size-full is-resized\"><a href=\"http:\/\/viaordo.com\/\"><img loading=\"lazy\" decoding=\"async\" width=\"1565\" height=\"926\" src=\"http:\/\/viaordo.com\/wp-content\/uploads\/2024\/02\/Capture-decran-2024-02-29-a-13.54.30.png\" alt=\"\" class=\"wp-image-315\" style=\"width:38px;height:auto\" srcset=\"https:\/\/viaordo.com\/wp-content\/uploads\/2024\/02\/Capture-decran-2024-02-29-a-13.54.30.png 1565w, https:\/\/viaordo.com\/wp-content\/uploads\/2024\/02\/Capture-decran-2024-02-29-a-13.54.30-300x178.png 300w, https:\/\/viaordo.com\/wp-content\/uploads\/2024\/02\/Capture-decran-2024-02-29-a-13.54.30-1024x606.png 1024w, https:\/\/viaordo.com\/wp-content\/uploads\/2024\/02\/Capture-decran-2024-02-29-a-13.54.30-768x454.png 768w, https:\/\/viaordo.com\/wp-content\/uploads\/2024\/02\/Capture-decran-2024-02-29-a-13.54.30-1536x909.png 1536w\" sizes=\"auto, (max-width: 1565px) 100vw, 1565px\" \/><\/a><\/figure>\n\n\n\n<figure class=\"wp-block-image aligncenter size-full is-resized\"><a href=\"http:\/\/viaordo.com\/index.php\/332-2\/\"><img loading=\"lazy\" decoding=\"async\" width=\"450\" height=\"300\" src=\"http:\/\/viaordo.com\/wp-content\/uploads\/2024\/03\/italy-flag.png\" alt=\"\" class=\"wp-image-327\" style=\"width:38px;height:auto\" srcset=\"https:\/\/viaordo.com\/wp-content\/uploads\/2024\/03\/italy-flag.png 450w, https:\/\/viaordo.com\/wp-content\/uploads\/2024\/03\/italy-flag-300x200.png 300w\" sizes=\"auto, (max-width: 450px) 100vw, 450px\" \/><\/a><\/figure>\n\n\n\n<figure class=\"wp-block-image size-full\"><img loading=\"lazy\" decoding=\"async\" width=\"778\" height=\"81\" src=\"http:\/\/viaordo.com\/wp-content\/uploads\/2023\/09\/Cercle-Via-Ordo-Baniere.png\" alt=\"\" class=\"wp-image-172\" srcset=\"https:\/\/viaordo.com\/wp-content\/uploads\/2023\/09\/Cercle-Via-Ordo-Baniere.png 778w, https:\/\/viaordo.com\/wp-content\/uploads\/2023\/09\/Cercle-Via-Ordo-Baniere-300x31.png 300w, https:\/\/viaordo.com\/wp-content\/uploads\/2023\/09\/Cercle-Via-Ordo-Baniere-768x80.png 768w\" sizes=\"auto, (max-width: 778px) 100vw, 778px\" \/><\/figure>\n\n\n\n<div class=\"wp-block-columns is-layout-flex wp-container-core-columns-is-layout-28f84493 wp-block-columns-is-layout-flex\">\n<div class=\"wp-block-column is-vertically-aligned-center is-layout-flow wp-block-column-is-layout-flow\" style=\"flex-basis:57%\">\n<p><\/p>\n\n\n\n<figure class=\"wp-block-image aligncenter size-full is-resized\"><img loading=\"lazy\" decoding=\"async\" width=\"252\" height=\"230\" src=\"http:\/\/viaordo.com\/wp-content\/uploads\/2023\/09\/Logo-Via-Ordo-1.png\" alt=\"\" class=\"wp-image-165\" style=\"width:188px;height:172px\"\/><\/figure>\n<\/div>\n<\/div>\n\n\n\n<figure class=\"wp-block-image size-full\"><img loading=\"lazy\" decoding=\"async\" width=\"697\" height=\"97\" src=\"http:\/\/viaordo.com\/wp-content\/uploads\/2024\/09\/Maxime-ANG.png\" alt=\"\" class=\"wp-image-407\" srcset=\"https:\/\/viaordo.com\/wp-content\/uploads\/2024\/09\/Maxime-ANG.png 697w, https:\/\/viaordo.com\/wp-content\/uploads\/2024\/09\/Maxime-ANG-300x42.png 300w\" sizes=\"auto, (max-width: 697px) 100vw, 697px\" \/><\/figure>\n\n\n\n<figure class=\"wp-block-image size-full is-resized\"><img loading=\"lazy\" decoding=\"async\" width=\"685\" height=\"393\" src=\"https:\/\/viaordo.com\/wp-content\/uploads\/2025\/12\/ENTETE-VO-vers-ANG-2025-12-12.jpg\" alt=\"\" class=\"wp-image-518\" style=\"width:649px;height:auto\" srcset=\"https:\/\/viaordo.com\/wp-content\/uploads\/2025\/12\/ENTETE-VO-vers-ANG-2025-12-12.jpg 685w, https:\/\/viaordo.com\/wp-content\/uploads\/2025\/12\/ENTETE-VO-vers-ANG-2025-12-12-300x172.jpg 300w\" sizes=\"auto, (max-width: 685px) 100vw, 685px\" \/><\/figure>\n\n\n\n<p>Mister Bertrand TH\u00c9VENIN born in 1967, student then assistant of Mister Jacques LE TROQUER (1912 &#8211; 2006) teacher of many martial arts until 2006: Aikido, Judo (black belt in 1945), Kyudo\u2026<\/p>\n\n\n\n<p>Over 30 years&rsquo; experience in the world of close protection for high-profile personalities and more than 40 years in the art of close combat have led me to become hypervigilant, learning to act with awareness and discernment\u2026<\/p>\n\n\n\n<p>In 2008, I co-founded the non-profit association Cercle Via ordo (under the French law of 1901), registered with the Pr\u00e9fecture de Police de Paris and published in the Journal Officiel de la R\u00e9publique Fran\u00e7aise. It is affiliated to the F\u00e9d\u00e9ration Fran\u00e7aise du Sport Travailliste (FFST), which has issued a Via ordo sports license and a Via ordo federal instructor diploma.<\/p>\n\n\n\n<p>I created Via ordo so that anyone can defend themselves while preserving the physical, moral and material integrity of the aggressor.<\/p>\n\n\n\n<p>The aim of Via ordo is to channel, control and free oneself from the grip of violence, in order to serenely apprehend life&rsquo;s ups and downs and become an ambassador of goodwill.<\/p>\n\n\n\n<p>Seek Peace\u2026<br><\/p>\n\n\n\n<p><strong>IDENTIFICATION<\/strong><br>SIREN : -922488002-<br>SIRET : -92248800200028-<br>RNA : -W 751187158-<br>APE : -9312 Z-<\/p>\n\n\n\n<p><strong>AFFILIATION<\/strong><br>The Cercle Via ordo is affiliated to the&nbsp;<a href=\"https:\/\/www.ffst-multisports.com\/\">F\u00e9d\u00e9ration Fran\u00e7aise du Sport Travailliste<\/a> (F.F.S.T.)<\/p>\n\n\n\n<p><\/p>\n\n\n\n<figure class=\"wp-block-image size-full\"><img loading=\"lazy\" decoding=\"async\" width=\"977\" height=\"699\" src=\"http:\/\/viaordo.com\/wp-content\/uploads\/2025\/10\/ATTESTATION-FFST-2025-2026.jpg\" alt=\"\" class=\"wp-image-448\" srcset=\"https:\/\/viaordo.com\/wp-content\/uploads\/2025\/10\/ATTESTATION-FFST-2025-2026.jpg 977w, https:\/\/viaordo.com\/wp-content\/uploads\/2025\/10\/ATTESTATION-FFST-2025-2026-300x215.jpg 300w, https:\/\/viaordo.com\/wp-content\/uploads\/2025\/10\/ATTESTATION-FFST-2025-2026-768x549.jpg 768w\" sizes=\"auto, (max-width: 977px) 100vw, 977px\" \/><\/figure>\n\n\n\n<p><strong>PRESIDENT<\/strong><br>Mister Bertrand TH\u00c9VENIN : Pr\u00e9sident<br>Phone number : +33 6 11 22 32 42 <br>Email : <a href=\"mailto:bertrand.thevenin@laposte.net\">bertrand.thevenin@laposte.net<\/a><\/p>\n\n\n\n<p><strong>ADDRESSES&nbsp;<\/strong><br>Registered office address:<br>CERCLE VIA ORDO<br>Maison des Associations<br>12 ter place Garibaldi<br>06300 NICE &#8211; France<\/p>\n\n\n\n<p>Website:<br><a href=\"http:\/\/www.viaordo.fr\">www.viaordo.fr<\/a><br><a href=\"http:\/\/www.viaordo.com\">www.viaordo.com<\/a><br><br>YouTube Channel :<br><a href=\"https:\/\/www.youtube.com\/@CercleViaOrdo\">https:\/\/www.youtube.com\/@CercleViaOrdo<\/a><\/p>\n\n\n\n<p><\/p>\n\n\n\n<figure class=\"wp-block-image size-full is-resized\"><img loading=\"lazy\" decoding=\"async\" width=\"500\" height=\"500\" src=\"http:\/\/viaordo.com\/wp-content\/uploads\/2024\/02\/QR-CODE-DE-LA-CHAINE-YOUTUBE.jpg\" alt=\"\" class=\"wp-image-304\" style=\"width:143px;height:auto\" srcset=\"https:\/\/viaordo.com\/wp-content\/uploads\/2024\/02\/QR-CODE-DE-LA-CHAINE-YOUTUBE.jpg 500w, https:\/\/viaordo.com\/wp-content\/uploads\/2024\/02\/QR-CODE-DE-LA-CHAINE-YOUTUBE-300x300.jpg 300w, https:\/\/viaordo.com\/wp-content\/uploads\/2024\/02\/QR-CODE-DE-LA-CHAINE-YOUTUBE-150x150.jpg 150w\" sizes=\"auto, (max-width: 500px) 100vw, 500px\" \/><\/figure>\n\n\n\n<p><strong>TEACHERS<\/strong><br>Mister Bertrand TH\u00c9VENIN and members of the Executive Committee.<\/p>\n\n\n\n<p><strong>DESCRIPTION OF THE ACTIVITY<\/strong><br>Method of self-control, self-management, self-defense&#8230;<br><br>Via ordo sessions take place in three stages :<\/p>\n\n\n\n<ul class=\"wp-block-list\">\n<li><strong>Via ordo Active Speaking-Listening : the Art of negotiation<\/strong> is dedicated to the expression and understanding of verbal, non-verbal and body language. We share our experiences and look for solutions together.<\/li>\n\n\n\n<li><strong>Via ordo Internal<\/strong> is a gentle warm-up for muscles, tendons and joints. Work on internal energy circulation, breath, body movement and well-being.<\/li>\n\n\n\n<li><strong>Via ordo External <\/strong>is to find simple, gentle and effective responses to any aggression. We start by dodging by moving our feet, then absorb the negative energy, transforming it into positive energy and sending it back.<\/li>\n<\/ul>\n\n\n\n<p><strong>DRESSES<\/strong><br><\/p>\n\n\n\n<p>1st degree : white kimono, red belt<br>2nd degree : white kimono, red belt, navy blue hakama<br>3rd degree : white kimono, navy blue belt, navy blue hakama<br>Teacher : blue kimono, navy blue belt, navy blue hakama<\/p>\n\n\n\n<p><strong>CLASSES <\/strong><br><\/p>\n\n\n\n<p>Individuals or groups, in a dojo, outdoors, in a company, at home\u2026<br>We&rsquo;ll be happy to answer any questions you may have about our activities, availability and prices.<\/p>\n\n\n\n<figure class=\"wp-block-image size-full\"><img loading=\"lazy\" decoding=\"async\" width=\"443\" height=\"627\" src=\"https:\/\/viaordo.com\/wp-content\/uploads\/2025\/12\/AFFICHE-A5-ANG-2025-12-12.jpg\" alt=\"\" class=\"wp-image-527\" srcset=\"https:\/\/viaordo.com\/wp-content\/uploads\/2025\/12\/AFFICHE-A5-ANG-2025-12-12.jpg 443w, https:\/\/viaordo.com\/wp-content\/uploads\/2025\/12\/AFFICHE-A5-ANG-2025-12-12-212x300.jpg 212w\" sizes=\"auto, (max-width: 443px) 100vw, 443px\" \/><\/figure>\n\n\n\n<p>&nbsp;&nbsp;&nbsp;&nbsp;<\/p>\n\n\n\n<div class=\"wp-block-media-text is-stacked-on-mobile\" style=\"grid-template-columns:40% auto\"><figure class=\"wp-block-media-text__media\"><img loading=\"lazy\" decoding=\"async\" width=\"306\" height=\"352\" src=\"http:\/\/viaordo.com\/wp-content\/uploads\/2023\/09\/Bertrand-salut.png\" alt=\"\" class=\"wp-image-152 size-full\" srcset=\"https:\/\/viaordo.com\/wp-content\/uploads\/2023\/09\/Bertrand-salut.png 306w, https:\/\/viaordo.com\/wp-content\/uploads\/2023\/09\/Bertrand-salut-261x300.png 261w\" sizes=\"auto, (max-width: 306px) 100vw, 306px\" \/><\/figure><div class=\"wp-block-media-text__content\">\n<p><\/p>\n<\/div><\/div>\n\n\n\n<figure class=\"wp-block-image size-full\"><img loading=\"lazy\" decoding=\"async\" width=\"459\" height=\"660\" src=\"http:\/\/viaordo.com\/wp-content\/uploads\/2024\/03\/image001.png\" alt=\"\" class=\"wp-image-346\" srcset=\"https:\/\/viaordo.com\/wp-content\/uploads\/2024\/03\/image001.png 459w, https:\/\/viaordo.com\/wp-content\/uploads\/2024\/03\/image001-209x300.png 209w\" sizes=\"auto, (max-width: 459px) 100vw, 459px\" \/><\/figure>\n\n\n\n<figure class=\"wp-block-image size-full\"><img loading=\"lazy\" decoding=\"async\" width=\"385\" height=\"650\" src=\"http:\/\/viaordo.com\/wp-content\/uploads\/2023\/09\/bertrand-photo2.png\" alt=\"\" class=\"wp-image-149\" srcset=\"https:\/\/viaordo.com\/wp-content\/uploads\/2023\/09\/bertrand-photo2.png 385w, https:\/\/viaordo.com\/wp-content\/uploads\/2023\/09\/bertrand-photo2-178x300.png 178w\" sizes=\"auto, (max-width: 385px) 100vw, 385px\" \/><\/figure>\n\n\n\n<figure class=\"wp-block-image size-full\"><img loading=\"lazy\" decoding=\"async\" width=\"499\" height=\"585\" src=\"http:\/\/viaordo.com\/wp-content\/uploads\/2023\/09\/bertrand-photo-3.png\" alt=\"\" class=\"wp-image-141\" srcset=\"https:\/\/viaordo.com\/wp-content\/uploads\/2023\/09\/bertrand-photo-3.png 499w, https:\/\/viaordo.com\/wp-content\/uploads\/2023\/09\/bertrand-photo-3-256x300.png 256w\" sizes=\"auto, (max-width: 499px) 100vw, 499px\" \/><\/figure>\n\n\n\n<div class=\"wp-block-media-text is-stacked-on-mobile\"><figure class=\"wp-block-media-text__media\"><img loading=\"lazy\" decoding=\"async\" width=\"251\" height=\"287\" src=\"http:\/\/viaordo.com\/wp-content\/uploads\/2023\/09\/bertrand-photo-4.png\" alt=\"\" class=\"wp-image-142 size-full\"\/><\/figure><div class=\"wp-block-media-text__content\">\n<p><\/p>\n<\/div><\/div>\n\n\n\n<figure class=\"wp-block-image size-full\"><img loading=\"lazy\" decoding=\"async\" width=\"538\" height=\"415\" src=\"http:\/\/viaordo.com\/wp-content\/uploads\/2023\/09\/bertrand-photo-5.png\" alt=\"\" class=\"wp-image-143\" srcset=\"https:\/\/viaordo.com\/wp-content\/uploads\/2023\/09\/bertrand-photo-5.png 538w, https:\/\/viaordo.com\/wp-content\/uploads\/2023\/09\/bertrand-photo-5-300x231.png 300w\" sizes=\"auto, (max-width: 538px) 100vw, 538px\" \/><\/figure>\n\n\n\n<div class=\"wp-block-media-text is-stacked-on-mobile\"><figure class=\"wp-block-media-text__media\"><img loading=\"lazy\" decoding=\"async\" width=\"361\" height=\"311\" src=\"http:\/\/viaordo.com\/wp-content\/uploads\/2023\/09\/bertrand-photo-6.png\" alt=\"\" class=\"wp-image-144 size-full\" srcset=\"https:\/\/viaordo.com\/wp-content\/uploads\/2023\/09\/bertrand-photo-6.png 361w, https:\/\/viaordo.com\/wp-content\/uploads\/2023\/09\/bertrand-photo-6-300x258.png 300w\" sizes=\"auto, (max-width: 361px) 100vw, 361px\" \/><\/figure><div class=\"wp-block-media-text__content\">\n<p><\/p>\n<\/div><\/div>\n\n\n\n<div class=\"wp-block-media-text is-stacked-on-mobile\"><figure class=\"wp-block-media-text__media\"><img loading=\"lazy\" decoding=\"async\" width=\"235\" height=\"173\" src=\"http:\/\/viaordo.com\/wp-content\/uploads\/2023\/09\/bertrand-photo-7.png\" alt=\"\" class=\"wp-image-145 size-full\"\/><\/figure><div class=\"wp-block-media-text__content\">\n<p><\/p>\n<\/div><\/div>\n\n\n\n<div class=\"wp-block-media-text is-stacked-on-mobile\"><figure class=\"wp-block-media-text__media\"><img loading=\"lazy\" decoding=\"async\" width=\"294\" height=\"350\" src=\"http:\/\/viaordo.com\/wp-content\/uploads\/2023\/09\/bertrand-photo-8.png\" alt=\"\" class=\"wp-image-146 size-full\" srcset=\"https:\/\/viaordo.com\/wp-content\/uploads\/2023\/09\/bertrand-photo-8.png 294w, https:\/\/viaordo.com\/wp-content\/uploads\/2023\/09\/bertrand-photo-8-252x300.png 252w\" sizes=\"auto, (max-width: 294px) 100vw, 294px\" \/><\/figure><div class=\"wp-block-media-text__content\">\n<p><\/p>\n<\/div><\/div>\n\n\n\n<figure class=\"wp-block-image size-full\"><img loading=\"lazy\" decoding=\"async\" width=\"471\" height=\"446\" src=\"http:\/\/viaordo.com\/wp-content\/uploads\/2023\/09\/bertrand-photo-9.png\" alt=\"\" class=\"wp-image-147\" srcset=\"https:\/\/viaordo.com\/wp-content\/uploads\/2023\/09\/bertrand-photo-9.png 471w, https:\/\/viaordo.com\/wp-content\/uploads\/2023\/09\/bertrand-photo-9-300x284.png 300w\" sizes=\"auto, (max-width: 471px) 100vw, 471px\" \/><\/figure>\n\n\n\n<figure class=\"wp-block-image size-full\"><img loading=\"lazy\" decoding=\"async\" width=\"361\" height=\"513\" src=\"http:\/\/viaordo.com\/wp-content\/uploads\/2023\/09\/bertrand-photo-10.png\" alt=\"\" class=\"wp-image-148\" srcset=\"https:\/\/viaordo.com\/wp-content\/uploads\/2023\/09\/bertrand-photo-10.png 361w, https:\/\/viaordo.com\/wp-content\/uploads\/2023\/09\/bertrand-photo-10-211x300.png 211w\" sizes=\"auto, (max-width: 361px) 100vw, 361px\" \/><\/figure>\n\n\n\n<div class=\"wp-block-group is-content-justification-center is-nowrap is-layout-flex wp-container-core-group-is-layout-23441af8 wp-block-group-is-layout-flex\"><\/div>\n\n\n\n<figure class=\"wp-block-image size-full\"><img loading=\"lazy\" decoding=\"async\" width=\"583\" height=\"609\" src=\"https:\/\/viaordo.com\/wp-content\/uploads\/2024\/09\/N.-ALQUIN-SITE-2.png\" alt=\"\" class=\"wp-image-434\" srcset=\"https:\/\/viaordo.com\/wp-content\/uploads\/2024\/09\/N.-ALQUIN-SITE-2.png 583w, https:\/\/viaordo.com\/wp-content\/uploads\/2024\/09\/N.-ALQUIN-SITE-2-287x300.png 287w\" sizes=\"auto, (max-width: 583px) 100vw, 583px\" \/><\/figure>\n","protected":false},"excerpt":{"rendered":"<p>Mister Bertrand TH\u00c9VENIN born in 1967, student then assistant of Mister Jacques LE TROQUER (1912 &#8211; 2006) teacher of many martial arts until 2006: Aikido, Judo (black belt in 1945), Kyudo\u2026 Over 30 years&rsquo; experience in the world of close protection for high-profile personalities and more than 40 years in the art of close combat [&hellip;]<\/p>\n","protected":false},"author":1,"featured_media":0,"parent":0,"menu_order":0,"comment_status":"closed","ping_status":"closed","template":"","meta":{"footnotes":""},"class_list":["post-314","page","type-page","status-publish","hentry"],"_links":{"self":[{"href":"https:\/\/viaordo.com\/index.php\/wp-json\/wp\/v2\/pages\/314","targetHints":{"allow":["GET"]}}],"collection":[{"href":"https:\/\/viaordo.com\/index.php\/wp-json\/wp\/v2\/pages"}],"about":[{"href":"https:\/\/viaordo.com\/index.php\/wp-json\/wp\/v2\/types\/page"}],"author":[{"embeddable":true,"href":"https:\/\/viaordo.com\/index.php\/wp-json\/wp\/v2\/users\/1"}],"replies":[{"embeddable":true,"href":"https:\/\/viaordo.com\/index.php\/wp-json\/wp\/v2\/comments?post=314"}],"version-history":[{"count":31,"href":"https:\/\/viaordo.com\/index.php\/wp-json\/wp\/v2\/pages\/314\/revisions"}],"predecessor-version":[{"id":528,"href":"https:\/\/viaordo.com\/index.php\/wp-json\/wp\/v2\/pages\/314\/revisions\/528"}],"wp:attachment":[{"href":"https:\/\/viaordo.com\/index.php\/wp-json\/wp\/v2\/media?parent=314"}],"curies":[{"name":"wp","href":"https:\/\/api.w.org\/{rel}","templated":true}]}}